{"id":64862,"date":"2022-05-13T14:21:36","date_gmt":"2022-05-13T12:21:36","guid":{"rendered":"https:\/\/biblekids.io\/bible-explorers\/abraham-el-padre-de-la-fe\/"},"modified":"2026-02-06T10:56:53","modified_gmt":"2026-02-06T09:56:53","slug":"abraham-el-padre-de-la-fe-9-11","status":"publish","type":"bible-explorers","link":"https:\/\/biblekids.io\/es\/bible-explorers\/abraham-el-padre-de-la-fe-9-11\/","title":{"rendered":"Abraham \u2013 El padre de la fe"},"content":{"rendered":"\n<p>Jack recibi\u00f3 un comentario de su compa\u00f1ero de clases Pedro. Y es porque Pedro cree que no vale la pena creer en Dios. Jack no sabe que responderle y tambi\u00e9n se confunde un poco. \u00bfNo vale la pena creer en Dios? Su hermana mayor Gina tiene una idea de c\u00f3mo puede recibir respuesta a su pregunta: \u00a1un viaje en el tiempo!     <\/p>\n\n<p>En la base secreta de Explorers sabe Iris cual historia de la biblia puede ense\u00f1arles a los ni\u00f1os de como Dios premia a ellos que le son fieles. Ella los enviar\u00e1 atr\u00e1s en el tiempo para que conozca a Abraham, el padre de la fe. \u00bfQue pueden los ni\u00f1os aprender de la fe de Abraham?   <\/p>\n","protected":false},"author":5,"featured_media":56629,"template":"","meta":{"_acf_changed":false,"footnotes":"","_links_to":"","_links_to_target":""},"categories":[217],"class_list":["post-64862","bible-explorers","type-bible-explorers","status-publish","has-post-thumbnail","hentry","category-9-11"],"acf":[],"yoast_head":"<!-- This site is optimized with the Yoast SEO plugin v27.4 - https:\/\/yoast.com\/product\/yoast-seo-wordpress\/ -->\n<title>Abraham \u2013 El padre de la fe - Bible Kids<\/title>\n<meta name=\"robots\" content=\"index, follow, max-snippet:-1, max-image-preview:large, max-video-preview:-1\" \/>\n<link rel=\"canonical\" href=\"https:\/\/biblekids.io\/es\/bible-explorers\/abraham-el-padre-de-la-fe-9-11\/\" \/>\n<meta property=\"og:locale\" content=\"es_ES\" \/>\n<meta property=\"og:type\" content=\"article\" \/>\n<meta property=\"og:title\" content=\"Abraham \u2013 El padre de la fe - Bible Kids\" \/>\n<meta property=\"og:description\" content=\"Jack recibi\u00f3 un comentario de su compa\u00f1ero de clases Pedro. Y es porque Pedro cree que no vale la pena creer en Dios. Jack no sabe que responderle y tambi\u00e9n se confunde un poco. \u00bfNo vale la pena creer en Dios? Su hermana mayor Gina tiene una idea de c\u00f3mo puede recibir respuesta a su...\" \/>\n<meta property=\"og:url\" content=\"https:\/\/biblekids.io\/es\/bible-explorers\/abraham-el-padre-de-la-fe-9-11\/\" \/>\n<meta property=\"og:site_name\" content=\"Bible Kids\" \/>\n<meta property=\"article:modified_time\" content=\"2026-02-06T09:56:53+00:00\" \/>\n<meta property=\"og:image\" content=\"https:\/\/biblekids.io\/wp-content\/uploads\/2022\/05\/abraham-thumbnail.jpg\" \/>\n\t<meta property=\"og:image:width\" content=\"1920\" \/>\n\t<meta property=\"og:image:height\" content=\"746\" \/>\n\t<meta property=\"og:image:type\" content=\"image\/jpeg\" \/>\n<meta name=\"twitter:card\" content=\"summary_large_image\" \/>\n<meta name=\"twitter:label1\" content=\"Tiempo de lectura\" \/>\n\t<meta name=\"twitter:data1\" content=\"1 minuto\" \/>\n<script type=\"application\/ld+json\" class=\"yoast-schema-graph\">{\"@context\":\"https:\\\/\\\/schema.org\",\"@graph\":[{\"@type\":\"WebPage\",\"@id\":\"https:\\\/\\\/biblekids.io\\\/es\\\/bible-explorers\\\/abraham-el-padre-de-la-fe-9-11\\\/\",\"url\":\"https:\\\/\\\/biblekids.io\\\/es\\\/bible-explorers\\\/abraham-el-padre-de-la-fe-9-11\\\/\",\"name\":\"Abraham \u2013 El padre de la fe - Bible Kids\",\"isPartOf\":{\"@id\":\"https:\\\/\\\/biblekids.io\\\/no\\\/#website\"},\"primaryImageOfPage\":{\"@id\":\"https:\\\/\\\/biblekids.io\\\/es\\\/bible-explorers\\\/abraham-el-padre-de-la-fe-9-11\\\/#primaryimage\"},\"image\":{\"@id\":\"https:\\\/\\\/biblekids.io\\\/es\\\/bible-explorers\\\/abraham-el-padre-de-la-fe-9-11\\\/#primaryimage\"},\"thumbnailUrl\":\"https:\\\/\\\/biblekids.io\\\/wp-content\\\/uploads\\\/2022\\\/05\\\/abraham-thumbnail.jpg\",\"datePublished\":\"2022-05-13T12:21:36+00:00\",\"dateModified\":\"2026-02-06T09:56:53+00:00\",\"breadcrumb\":{\"@id\":\"https:\\\/\\\/biblekids.io\\\/es\\\/bible-explorers\\\/abraham-el-padre-de-la-fe-9-11\\\/#breadcrumb\"},\"inLanguage\":\"es\",\"potentialAction\":[{\"@type\":\"ReadAction\",\"target\":[\"https:\\\/\\\/biblekids.io\\\/es\\\/bible-explorers\\\/abraham-el-padre-de-la-fe-9-11\\\/\"]}]},{\"@type\":\"ImageObject\",\"inLanguage\":\"es\",\"@id\":\"https:\\\/\\\/biblekids.io\\\/es\\\/bible-explorers\\\/abraham-el-padre-de-la-fe-9-11\\\/#primaryimage\",\"url\":\"https:\\\/\\\/biblekids.io\\\/wp-content\\\/uploads\\\/2022\\\/05\\\/abraham-thumbnail.jpg\",\"contentUrl\":\"https:\\\/\\\/biblekids.io\\\/wp-content\\\/uploads\\\/2022\\\/05\\\/abraham-thumbnail.jpg\",\"width\":1920,\"height\":746},{\"@type\":\"BreadcrumbList\",\"@id\":\"https:\\\/\\\/biblekids.io\\\/es\\\/bible-explorers\\\/abraham-el-padre-de-la-fe-9-11\\\/#breadcrumb\",\"itemListElement\":[{\"@type\":\"ListItem\",\"position\":1,\"name\":\"Hjem\",\"item\":\"https:\\\/\\\/biblekids.io\\\/es\\\/\"},{\"@type\":\"ListItem\",\"position\":2,\"name\":\"Chapters\",\"item\":\"https:\\\/\\\/biblekids.io\\\/no\\\/bible-explorers\\\/\"},{\"@type\":\"ListItem\",\"position\":3,\"name\":\"Abraham \u2013 El padre de la fe\"}]},{\"@type\":\"WebSite\",\"@id\":\"https:\\\/\\\/biblekids.io\\\/no\\\/#website\",\"url\":\"https:\\\/\\\/biblekids.io\\\/no\\\/\",\"name\":\"Bible Kids\",\"description\":\"Historias b\u00edblicas para ni\u00f1os\",\"potentialAction\":[{\"@type\":\"SearchAction\",\"target\":{\"@type\":\"EntryPoint\",\"urlTemplate\":\"https:\\\/\\\/biblekids.io\\\/no\\\/?s={search_term_string}\"},\"query-input\":{\"@type\":\"PropertyValueSpecification\",\"valueRequired\":true,\"valueName\":\"search_term_string\"}}],\"inLanguage\":\"es\"}]}<\/script>\n<!-- \/ Yoast SEO plugin. -->","yoast_head_json":{"title":"Abraham \u2013 El padre de la fe - Bible Kids","robots":{"index":"index","follow":"follow","max-snippet":"max-snippet:-1","max-image-preview":"max-image-preview:large","max-video-preview":"max-video-preview:-1"},"canonical":"https:\/\/biblekids.io\/es\/bible-explorers\/abraham-el-padre-de-la-fe-9-11\/","og_locale":"es_ES","og_type":"article","og_title":"Abraham \u2013 El padre de la fe - Bible Kids","og_description":"Jack recibi\u00f3 un comentario de su compa\u00f1ero de clases Pedro. Y es porque Pedro cree que no vale la pena creer en Dios. Jack no sabe que responderle y tambi\u00e9n se confunde un poco. \u00bfNo vale la pena creer en Dios? Su hermana mayor Gina tiene una idea de c\u00f3mo puede recibir respuesta a su...","og_url":"https:\/\/biblekids.io\/es\/bible-explorers\/abraham-el-padre-de-la-fe-9-11\/","og_site_name":"Bible Kids","article_modified_time":"2026-02-06T09:56:53+00:00","og_image":[{"width":1920,"height":746,"url":"https:\/\/biblekids.io\/wp-content\/uploads\/2022\/05\/abraham-thumbnail.jpg","type":"image\/jpeg"}],"twitter_card":"summary_large_image","twitter_misc":{"Tiempo de lectura":"1 minuto"},"schema":{"@context":"https:\/\/schema.org","@graph":[{"@type":"WebPage","@id":"https:\/\/biblekids.io\/es\/bible-explorers\/abraham-el-padre-de-la-fe-9-11\/","url":"https:\/\/biblekids.io\/es\/bible-explorers\/abraham-el-padre-de-la-fe-9-11\/","name":"Abraham \u2013 El padre de la fe - Bible Kids","isPartOf":{"@id":"https:\/\/biblekids.io\/no\/#website"},"primaryImageOfPage":{"@id":"https:\/\/biblekids.io\/es\/bible-explorers\/abraham-el-padre-de-la-fe-9-11\/#primaryimage"},"image":{"@id":"https:\/\/biblekids.io\/es\/bible-explorers\/abraham-el-padre-de-la-fe-9-11\/#primaryimage"},"thumbnailUrl":"https:\/\/biblekids.io\/wp-content\/uploads\/2022\/05\/abraham-thumbnail.jpg","datePublished":"2022-05-13T12:21:36+00:00","dateModified":"2026-02-06T09:56:53+00:00","breadcrumb":{"@id":"https:\/\/biblekids.io\/es\/bible-explorers\/abraham-el-padre-de-la-fe-9-11\/#breadcrumb"},"inLanguage":"es","potentialAction":[{"@type":"ReadAction","target":["https:\/\/biblekids.io\/es\/bible-explorers\/abraham-el-padre-de-la-fe-9-11\/"]}]},{"@type":"ImageObject","inLanguage":"es","@id":"https:\/\/biblekids.io\/es\/bible-explorers\/abraham-el-padre-de-la-fe-9-11\/#primaryimage","url":"https:\/\/biblekids.io\/wp-content\/uploads\/2022\/05\/abraham-thumbnail.jpg","contentUrl":"https:\/\/biblekids.io\/wp-content\/uploads\/2022\/05\/abraham-thumbnail.jpg","width":1920,"height":746},{"@type":"BreadcrumbList","@id":"https:\/\/biblekids.io\/es\/bible-explorers\/abraham-el-padre-de-la-fe-9-11\/#breadcrumb","itemListElement":[{"@type":"ListItem","position":1,"name":"Hjem","item":"https:\/\/biblekids.io\/es\/"},{"@type":"ListItem","position":2,"name":"Chapters","item":"https:\/\/biblekids.io\/no\/bible-explorers\/"},{"@type":"ListItem","position":3,"name":"Abraham \u2013 El padre de la fe"}]},{"@type":"WebSite","@id":"https:\/\/biblekids.io\/no\/#website","url":"https:\/\/biblekids.io\/no\/","name":"Bible Kids","description":"Historias b\u00edblicas para ni\u00f1os","potentialAction":[{"@type":"SearchAction","target":{"@type":"EntryPoint","urlTemplate":"https:\/\/biblekids.io\/no\/?s={search_term_string}"},"query-input":{"@type":"PropertyValueSpecification","valueRequired":true,"valueName":"search_term_string"}}],"inLanguage":"es"}]}},"_links":{"self":[{"href":"https:\/\/biblekids.io\/es\/wp-json\/wp\/v2\/bible-explorers\/64862","targetHints":{"allow":["GET"]}}],"collection":[{"href":"https:\/\/biblekids.io\/es\/wp-json\/wp\/v2\/bible-explorers"}],"about":[{"href":"https:\/\/biblekids.io\/es\/wp-json\/wp\/v2\/types\/bible-explorers"}],"author":[{"embeddable":true,"href":"https:\/\/biblekids.io\/es\/wp-json\/wp\/v2\/users\/5"}],"version-history":[{"count":7,"href":"https:\/\/biblekids.io\/es\/wp-json\/wp\/v2\/bible-explorers\/64862\/revisions"}],"predecessor-version":[{"id":65563,"href":"https:\/\/biblekids.io\/es\/wp-json\/wp\/v2\/bible-explorers\/64862\/revisions\/65563"}],"wp:featuredmedia":[{"embeddable":true,"href":"https:\/\/biblekids.io\/es\/wp-json\/wp\/v2\/media\/56629"}],"wp:attachment":[{"href":"https:\/\/biblekids.io\/es\/wp-json\/wp\/v2\/media?parent=64862"}],"wp:term":[{"taxonomy":"category","embeddable":true,"href":"https:\/\/biblekids.io\/es\/wp-json\/wp\/v2\/categories?post=64862"}],"curies":[{"name":"wp","href":"https:\/\/api.w.org\/{rel}","templated":true}]}}

<p>Jack recibió un comentario de su compañero de clases Pedro. Y es porque Pedro cree que no vale la pena creer en Dios. Jack no sabe que responderle y también se confunde un poco. ¿No vale la pena creer en Dios? Su hermana mayor Gina tiene una idea de cómo puede recibir respuesta a su pregunta: ¡un viaje en el tiempo!     </p>

<p>En la base secreta de Explorers sabe Iris cual historia de la biblia puede enseñarles a los niños de como Dios premia a ellos que le son fieles. Ella los enviará atrás en el tiempo para que conozca a Abraham, el padre de la fe. ¿Que pueden los niños aprender de la fe de Abraham?   </p>

<!-- This site is optimized with the Yoast SEO plugin v27.4 - https://yoast.com/product/yoast-seo-wordpress/ -->
<title>Abraham – El padre de la fe - Bible Kids</title>
<meta name="robots" content="index, follow, max-snippet:-1, max-image-preview:large, max-video-preview:-1" />
<link rel="canonical" href="https://biblekids.io/es/bible-explorers/abraham-el-padre-de-la-fe-9-11/" />
<meta property="og:locale" content="es_ES" />
<meta property="og:type" content="article" />
<meta property="og:title" content="Abraham – El padre de la fe - Bible Kids" />
<meta property="og:description" content="Jack recibió un comentario de su compañero de clases Pedro. Y es porque Pedro cree que no vale la pena creer en Dios. Jack no sabe que responderle y también se confunde un poco. ¿No vale la pena creer en Dios? Su hermana mayor Gina tiene una idea de cómo puede recibir respuesta a su..." />
<meta property="og:url" content="https://biblekids.io/es/bible-explorers/abraham-el-padre-de-la-fe-9-11/" />
<meta property="og:site_name" content="Bible Kids" />
<meta property="article:modified_time" content="2026-02-06T09:56:53+00:00" />
<meta property="og:image" content="https://biblekids.io/wp-content/uploads/2022/05/abraham-thumbnail.jpg" />
	<meta property="og:image:width" content="1920" />
	<meta property="og:image:height" content="746" />
	<meta property="og:image:type" content="image/jpeg" />
<meta name="twitter:card" content="summary_large_image" />
<meta name="twitter:label1" content="Tiempo de lectura" />
	<meta name="twitter:data1" content="1 minuto" />
<script type="application/ld+json" class="yoast-schema-graph">{"@context":"https:\/\/schema.org","@graph":[{"@type":"WebPage","@id":"https:\/\/biblekids.io\/es\/bible-explorers\/abraham-el-padre-de-la-fe-9-11\/","url":"https:\/\/biblekids.io\/es\/bible-explorers\/abraham-el-padre-de-la-fe-9-11\/","name":"Abraham – El padre de la fe - Bible Kids","isPartOf":{"@id":"https:\/\/biblekids.io\/no\/#website"},"primaryImageOfPage":{"@id":"https:\/\/biblekids.io\/es\/bible-explorers\/abraham-el-padre-de-la-fe-9-11\/#primaryimage"},"image":{"@id":"https:\/\/biblekids.io\/es\/bible-explorers\/abraham-el-padre-de-la-fe-9-11\/#primaryimage"},"thumbnailUrl":"https:\/\/biblekids.io\/wp-content\/uploads\/2022\/05\/abraham-thumbnail.jpg","datePublished":"2022-05-13T12:21:36+00:00","dateModified":"2026-02-06T09:56:53+00:00","breadcrumb":{"@id":"https:\/\/biblekids.io\/es\/bible-explorers\/abraham-el-padre-de-la-fe-9-11\/#breadcrumb"},"inLanguage":"es","potentialAction":[{"@type":"ReadAction","target":["https:\/\/biblekids.io\/es\/bible-explorers\/abraham-el-padre-de-la-fe-9-11\/"]}]},{"@type":"ImageObject","inLanguage":"es","@id":"https:\/\/biblekids.io\/es\/bible-explorers\/abraham-el-padre-de-la-fe-9-11\/#primaryimage","url":"https:\/\/biblekids.io\/wp-content\/uploads\/2022\/05\/abraham-thumbnail.jpg","contentUrl":"https:\/\/biblekids.io\/wp-content\/uploads\/2022\/05\/abraham-thumbnail.jpg","width":1920,"height":746},{"@type":"BreadcrumbList","@id":"https:\/\/biblekids.io\/es\/bible-explorers\/abraham-el-padre-de-la-fe-9-11\/#breadcrumb","itemListElement":[{"@type":"ListItem","position":1,"name":"Hjem","item":"https:\/\/biblekids.io\/es\/"},{"@type":"ListItem","position":2,"name":"Chapters","item":"https:\/\/biblekids.io\/no\/bible-explorers\/"},{"@type":"ListItem","position":3,"name":"Abraham – El padre de la fe"}]},{"@type":"WebSite","@id":"https:\/\/biblekids.io\/no\/#website","url":"https:\/\/biblekids.io\/no\/","name":"Bible Kids","description":"Historias bíblicas para niños","potentialAction":[{"@type":"SearchAction","target":{"@type":"EntryPoint","urlTemplate":"https:\/\/biblekids.io\/no\/?s={search_term_string}"},"query-input":{"@type":"PropertyValueSpecification","valueRequired":true,"valueName":"search_term_string"}}],"inLanguage":"es"}]}</script>
<!-- / Yoast SEO plugin. -->

Jack recibió un comentario de su compañero de clases Pedro. Y es porque Pedro cree que no vale la pena creer en Dios. Jack no sabe que responderle y también se confunde un poco. ¿No vale la pena creer en Dios? Su hermana mayor Gina tiene una idea de cómo puede recibir respuesta a su...

Historias bíblicas para niños
